f 2992?
9
What is the tens digit of 556?
5
What is the tens digit of 67?
6
What is the thousands digit of 45641?
5
What is the thousands digit of 7969?
7
What is the tens digit of 63936?
3
What is the hundreds digit of 17360?
3
What is the tens digit of 123?
2
What is the thousands digit of 3724?
3
What is the hundreds digit of 1340?
3
What is the ten thousands digit of 12808?
1
What is the units digit of 5113?
3
What is the tens digit of 5075?
7
What is the hundreds digit of 2132?
1
What is the tens digit of 3090?
9
What is the hundreds digit of 9363?
3
What is the units digit of 8571?
1
What is the units digit of 132?
2
What is the thousands digit of 3212?
3
What is the tens digit of 948?
4
What is the hundreds digit of 1899?
8
What is the hundreds digit of 112613?
6
What is the thousands digit of 2649?
2
What is the hundreds digit of 809?
8
What is the units digit of 78?
8
What is the tens digit of 39909?
0
What is the hundreds digit of 3182?
1
What is the units digit of 125050?
0
What is the hundreds digit of 6569?
5
What is the units digit of 35379?
9
What is the thousands digit of 1092?
1
What is the hundred thousands digit of 203917?
2
What is the hundreds digit of 53875?
8
What is the units digit of 864?
4
What is the thousands digit of 11495?
1
What is the hundreds digit of 995?
9
What is the thousands digit of 2928?
2
What is the units digit of 2434?
4
What is the units digit of 6677?
7
What is the hundreds digit of 2009?
0
What is the units digit of 11719?
9
What is the tens digit of 807?
0
What is the hundreds digit of 97254?
2
What is the hundreds digit of 1237?
2
What is the hundreds digit of 24479?
4
What is the units digit of 806?
6
What is the hundreds digit of 21722?
7
What is the ten thousands digit of 22507?
2
What is the units digit of 3969?
9
What is the tens digit of 1374?
7
What is the hundreds digit of 46453?
4
What is the units digit of 1192?
2
What is the tens digit of 24256?
5
What is the units digit of 6557?
7
What is the units digit of 1415?
5
What is the units digit of 1969?
9
What is the thousands digit of 8811?
8
What is the tens digit of 21?
2
What is the thousands digit of 3302?
3
What is the ten thousands digit of 79128?
7
What is the tens digit of 12824?
2
What is the thousands digit of 1842?
1
What is the tens digit of 18816?
1
What is the units digit of 16817?
7
What is the thousands digit of 12426?
2
What is the ten thousands digit of 47724?
4
What is the hundreds digit of 8789?
7
What is the hundreds digit of 722?
7
What is the ten thousands digit of 29046?
2
What is the tens digit of 871?
7
What is the units digit of 1565?
5
What is the thousands digit of 4881?
4
What is the hundreds digit of 3978?
9
What is the hundreds digit of 8879?
8
What is the hundreds digit of 1838?
8
What is the ten thousands digit of 14546?
1
What is the hundreds digit of 1857?
8
What is the units digit of 36303?
3
What is the ten thousands digit of 42625?
4
What is the units digit of 5721?
1
What is the units digit of 2877?
7
What is the hundreds digit of 1020?
0
What is the units digit of 157162?
2
What is the tens digit of 1988?
8
What is the units digit of 443?
3
What is the tens digit of 2522?
2
What is the units digit of 142?
2
What is the hundreds digit of 1512?
5
What is the tens digit of 1693?
9
What is the units digit of 3287?
7
What is the hundreds digit of 11955?
9
What is the units digit of 81?
1
What is the units digit of 50010?
0
What is the tens digit of 2301?
0
What is the tens digit of 1535?
3
What is the tens digit of 3986?
8
What is the units digit of 787?
7
What is the units digit of 6466?
6
What is the units digit of 2780?
0
What is the ten thousands digit of 14337?
1
What is the hundreds digit of 6752?
7
What is the hundreds digit of 7456?
4
What is the tens digit of 248?
4
What is the tens digit of 3684?
8
What is the hundreds digit of 900?
9
What is the hundreds digit of 114437?
4
What is the hundreds digit of 60905?
9
What is the tens digit of 1421?
2
What is the thousands digit of 1620?
1
What is the tens digit of 1922?
2
What is the units digit of 541?
1
What is the tens digit of 815?
1
What is the thousands digit of 65067?
5
What is the hundreds digit of 5012?
0
What is the thousands digit of 21893?
1
What is the tens digit of 113?
1
What is the hundreds digit of 2663?
6
What is the tens digit of 12409?
0
What is the units digit of 5819?
9
What is the tens digit of 765?
6
What is the hundreds digit of 1057?
0
What is the thousands digit of 20549?
0
What is the thousands digit of 35686?
5
What is the hundreds digit of 5484?
4
What is the ten thousands digit of 14207?
1
What is the thousands digit of 2720?
2
What is the thousands digit of 44068?
4
What is the ten thousands digit of 10482?
1
What is the hundreds digit of 829?
8
What is the hundreds digit of 470?
4
What is the hundreds digit of 808?
8
What is the hundreds digit of 1139?
1
What is the tens digit of 2190?
9
What is the tens digit of 169321?
2
What is the ten thousands digit of 56007?
5
What is the tens digit of 601?
0
What is the hundreds digit of 33958?
9
What is the thousands digit of 40306?
0
What is the units digit of 11984?
4
What is the hundreds digit of 6598?
5
What is the ten thousands digit of 53993?
5
What is the hundreds digit of 11411?
4
What is the hundreds digit of 55305?
3
What is the tens digit of 32757?
5
What is the thousands digit of 111687?
1
What is the hundred thousands digit of 128585?
1
What is the units digit of 3352?
2
What is the units digit of 768?
8
What is the hundreds digit of 6567?
5
What is the hundreds digit of 4021?
0
What is the ten thousands digit of 20110?
2
What is the thousands digit of 3926?
3
What is the units digit of 40671?
1
What is the hundreds digit of 20917?
9
What is the tens digit of 1601?
0
What is the units digit of 150140?
0
What is the thousands digit of 2358?
2
What is the units digit of 4138?
8
What is the units digit of 678?
8
What is the ten thousands digit of 21109?
2
What is the hundreds digit of 218?
2
What is the hundreds digit of 3825?
8
What is the ten thousands digit of 82385?
8
What is the tens digit of 31318?
1
What is the tens digit of 1731?
3
What is the hundreds digit of 1145?
1
What is the thousands digit of 3660?
3
What is the units digit of 126?
6
What is the thousands digit of 10906?
0
What is the tens digit of 350?
5
What is the hundreds digit of 914?
9
What is the hundreds digit of 2289?
2
What is the hundreds digit of 184?
1
What is the tens digit of 3071?
7
What is the units digit of 1189?
9
What is the thousands digit of 70619?
0
What is the ten thousands digit of 34345?
3
What is the tens digit of 2456?
5
What is the units digit of 34809?
9
What is the thousands digit of 46735?
6
What is the units digit of 26646?
6
What is the tens digit of 1840?
4
What is the hundreds digit of 4132?
1
What is the thousands digit of 7810?
7
What is the hundreds digit of 31694?
6
What is the thousands digit of 5303?
5
What is the hundreds digit of 34557?
5
What is the units digit of 3405?
5
What is the units digit of 1663?
3
What is the thousands digit of 1548?
1
What is the hundreds digit of 24229?
2
What is the hundreds digit of 3434?
4
What is the units digit of 6155?
5
What is the units digit of 118347?
7
What is the thousands digit of 14194?
4
What is the units digit of 12960?
0
What is the tens digit of 57095?
9
What is the units digit of 11906?
6
What is the hundreds digit of 39662?
6
What is the thousands digit of 5997?
5
What is the hundreds digit of 55347?
3
What is the units digit of 2298?
8
What is the thousands digit of 126439?
6
What is the hundreds digit of 24148?
1
What is the thousands digit of 46542?
6
What is the units digit of 19907?
7
What is the units digit of 3635?
5
What is the thousands digit of 1088?
1
What is the units digit of 6504?
4
What is the hundreds digit of 12546?
5
What is the units digit of 942?
2
What is the hundreds digit of 27487?
4
What is the hundreds digit of 8741?
7
What is the thousands digit of 2607?
2
What is the hundreds digit of 566?
5
What is the ten thousands digit of 18125?
1
What is the tens digit of 22021?
2
What is the tens digit of 3669?
6
What is the tens digit of 22056?
5
What is the thousands digit of 75413?
5
Wha